on factor of 1419 and 44.
11
What is the highest common divisor of 20 and 1880?
20
Calculate the highest common factor of 104 and 52.
52
Calculate the greatest common divisor of 952 and 1792.
56
Calculate the highest common factor of 10003 and 7.
7
What is the greatest common factor of 87 and 116?
29
Calculate the greatest common divisor of 175 and 315.
35
Calculate the highest common divisor of 110 and 682.
22
What is the greatest common divisor of 103 and 6077?
103
Calculate the highest common divisor of 212 and 1166.
106
Calculate the greatest common divisor of 1634 and 418.
38
Calculate the highest common divisor of 22 and 13178.
22
What is the highest common factor of 150 and 210?
30
Calculate the greatest common divisor of 2052 and 836.
76
Calculate the highest common divisor of 21 and 525.
21
What is the greatest common factor of 9243 and 234?
117
Calculate the highest common divisor of 1455 and 15.
15
What is the greatest common divisor of 4984 and 336?
56
Calculate the highest common divisor of 12 and 708.
12
What is the highest common divisor of 6 and 498?
6
Calculate the greatest common factor of 84 and 1056.
12
What is the greatest common factor of 336 and 273?
21
What is the highest common divisor of 1099 and 7?
7
Calculate the greatest common factor of 12 and 672.
12
Calculate the greatest common factor of 2275 and 385.
35
Calculate the greatest common divisor of 85 and 33150.
85
Calculate the highest common divisor of 6 and 14.
2
Calculate the greatest common divisor of 42871 and 86.
43
What is the greatest common divisor of 1943 and 87?
29
What is the greatest common factor of 2 and 797?
1
What is the highest common divisor of 209 and 19?
19
What is the highest common factor of 169 and 104?
13
What is the greatest common factor of 714 and 42?
42
Calculate the greatest common factor of 1400 and 504.
56
What is the greatest common divisor of 16560 and 207?
207
Calculate the greatest common divisor of 33 and 330.
33
What is the highest common factor of 321 and 4173?
321
Calculate the highest common divisor of 224 and 416.
32
Calculate the highest common factor of 57 and 5244.
57
Calculate the highest common divisor of 392 and 6027.
49
Calculate the highest common divisor of 26 and 16666.
26
Calculate the greatest common divisor of 259 and 333.
37
What is the greatest common factor of 8 and 184?
8
Calculate the greatest common factor of 2222 and 198.
22
Calculate the highest common divisor of 2128 and 84.
28
Calculate the highest common divisor of 16 and 2384.
16
What is the greatest common factor of 448 and 14?
14
What is the greatest common divisor of 99 and 121?
11
What is the greatest common factor of 9 and 1341?
9
What is the greatest common divisor of 427 and 671?
61
Calculate the greatest common factor of 26 and 22087.
13
Calculate the highest common factor of 52 and 20.
4
Calculate the highest common factor of 39 and 1131.
39
What is the greatest common factor of 34 and 1241?
17
What is the greatest common divisor of 198 and 33?
33
Calculate the highest common factor of 135 and 27.
27
What is the highest common factor of 66 and 11286?
66
Calculate the highest common factor of 438 and 511.
73
Calculate the highest common factor of 26 and 494.
26
What is the highest common factor of 1500 and 8100?
300
What is the highest common factor of 9 and 396?
9
Calculate the highest common divisor of 12288 and 8.
8
Calculate the highest common divisor of 81432 and 58.
58
Calculate the highest common factor of 363 and 2783.
121
Calculate the greatest common divisor of 336 and 21.
21
What is the greatest common divisor of 108 and 81?
27
Calculate the highest common divisor of 13833 and 636.
159
What is the highest common factor of 86 and 11051?
43
Calculate the greatest common factor of 126848 and 16.
16
Calculate the highest common factor of 36 and 348.
12
What is the highest common divisor of 21 and 63?
21
Calculate the greatest common factor of 10 and 2740.
10
What is the greatest common factor of 105 and 1215?
15
Calculate the highest common divisor of 312 and 676.
52
What is the greatest common factor of 222 and 592?
74
Calculate the greatest common divisor of 202 and 505.
101
Calculate the highest common factor of 51 and 918.
51
What is the greatest common divisor of 8 and 3416?
8
Calculate the highest common factor of 447 and 9983.
149
What is the highest common factor of 160 and 930?
10
Calculate the greatest common divisor of 11220 and 110.
110
Calculate the greatest common divisor of 90 and 225.
45
Calculate the highest common divisor of 100 and 3520.
20
Calculate the greatest common divisor of 14 and 1043.
7
What is the greatest common divisor of 92 and 69?
23
What is the highest common factor of 204 and 340?
68
Calculate the greatest common factor of 11373 and 51.
51
What is the greatest common divisor of 71 and 1704?
71
What is the greatest common factor of 24 and 48?
24
What is the greatest common divisor of 784 and 1736?
56
What is the highest common divisor of 11849 and 41?
41
What is the greatest common factor of 615 and 1245?
15
Calculate the greatest common factor of 69 and 183.
3
Calculate the greatest common divisor of 6 and 6.
6
Calculate the greatest common factor of 1984 and 1550.
62
What is the greatest common divisor of 25 and 125?
25
Calculate the highest common divisor of 731 and 43.
43
What is the highest common divisor of 649 and 22?
11
Calculate the greatest common factor of 528 and 4488.
264
Calculate the highest common divisor of 46 and 345.
23
What is the highest common factor of 480 and 3240?
120
Calculate the greatest common factor of 130 and 1690.
130
What is the greatest common divisor of 1668 and 24?
12
Calculate the greatest common factor of 1104 and 32.
16
Calculate the highest common factor of 75 and 225.
75
Calculate the greatest common factor of 27 and 7.
1
Calculate the highest common factor of 640 and 32.
32
What is the highest common divisor of 260 and 860?
20
What is the greatest common factor of 132 and 12?
12
What is the highest common factor of 481 and 13?
13
Calculate the highest common divisor of 18 and 138.
6
Calculate the highest common divisor of 266 and 874.
38
What is the greatest common factor of 270 and 10?
10
What is the greatest common divisor of 85 and 1105?
85
What is the greatest common divisor of 26 and 358?
2
What is the greatest common divisor of 660 and 176?
44
What is the highest common factor of 160 and 20?
20
What is the greatest common divisor of 12544 and 2156?
196
What is the greatest common divisor of 44 and 66?
22
Calculate the highest common divisor of 34986 and 17.
17
Calculate the greatest common divisor of 5070 and 60.
30
Calculate the greatest common divisor of 228 and 324.
12
Calculate the greatest common factor of 377 and 464.
29
Calculate the highest common factor of 1980 and 1056.
132
Calculate the greatest common factor of 1221 and 11.
11
What is the greatest common factor of 2660 and 560?
140
Calculate the greatest common factor of 1098 and 162.
18
Calculate the greatest common divisor of 75 and 2.
1
Calculate the greatest common divisor of 323 and 3961.
17
What is the highest common divisor of 230 and 10442?
46
Calculate the highest common divisor of 70 and 70.
70
What is the highest common factor of 3344 and 456?
152
Calculate the greatest common divisor of 25483 and 17.
17
Calculate the greatest common divisor of 40 and 888.
8
Calculate the greatest common factor of 6272 and 80.
16
Calculate the highest common divisor of 874 and 76.
38
What is the highest common divisor of 51 and 969?
51
Calculate the highest common factor of 25259 and 67.
67
Calculate the highest common factor of 18900 and 70.
70
Calculate the highest common divisor of 847 and 462.
77
What is the highest common divisor of 1554 and 6660?
222
Calculate the greatest common factor of 259 and 7.
7
Calculate the highest common factor of 343 and 196.
49
Calculate the greatest common divisor of 55 and 385.
55
What is the highest common divisor of 84 and 3066?
42
What is the greatest common factor of 39 and 1443?
39
What is the greatest common divisor of 69324 and 212?
212
Calculate the highest common divisor of 3 and 6.
3
Calculate the highest common factor of 416 and 640.
32
Calculat